t of o(a)?
5
Let l = -14522 + 28020. What is the hundreds digit of l?
4
What is the units digit of 1211/((-70)/(-147) - (-2 + 21/9))?
7
Suppose -3*j + 3 = 3, 3*j + 34780 = 2*s. What is the thousands digit of s?
7
Suppose 172069 = -8*p - 166291. What is the tens digit of (((-2)/(-1))/(-2))/(55/p)?
6
Let s = -539 + 362. Let b = 106 + s. Let k = b + 151. What is the tens digit of k?
8
What is the tens digit of (-5)/((7/683)/(-7))?
1
What is the thousands digit of ((-5145)/168*-42)/((-6)/(-16))?
3
Let t(u) = 26*u**2 - u**3 + 103*u - 57*u + 4*u**3 + 25 - u**3 - u**3. What is the units digit of t(-22)?
9
What is the thousands digit of (-2375)/(-16 + (-7581)/(-475))?
9
Let w = 1225 - 631. Let a = w + -331. What is the tens digit of a?
6
Let s be -5 - (2 + 1 + 3 + -11). Suppose s = 4*g - 766 - 98. What is the tens digit of g?
1
Let j(v) = v**3 + 3*v**2 - 2*v. Let r be j(0). Suppose 13*l - l - 11844 = r. What is the tens digit of l?
8
Let k = 653 + -1104. Let l = k - -777. Suppose -2*m = 4*s - 4*m - l, s - m - 80 = 0. What is the tens digit of s?
8
Suppose -58*c = -107*c + 207123. What is the units digit of c?
7
Let r be -7*(2/(-1))/2. Suppose -2535 = -r*f + 20. What is the tens digit of f?
6
Let u = -16255 - -54627. What is the hundreds digit of u?
3
Let m(a) = 7063*a - 1281. What is the tens digit of m(6)?
9
What is the hundreds digit of (-15640)/(-3) + ((-5376)/144 - -34)?
2
Suppose 183*a - 185*a = 3*q - 106154, -2*q = -a - 70774. What is the tens digit of q?
8
Let r(m) = -1041*m - 1231. What is the ten thousands digit of r(-22)?
2
Let k(x) be the third derivative of 7*x**6/720 - 7*x**5/120 - 7*x**4/24 - 2*x**2. Let d(y) be the second derivative of k(y). What is the units digit of d(9)?
6
Suppose -13*f = -9*f - 8. Suppose f*u - 3 = i + 7, -5*i + 34 = 4*u. Suppose u*p = 77 + 925. What is the tens digit of p?
6
Suppose -2*j = 5*m - 4*j + 1272, 5*m + j + 1284 = 0. Let r = 68 - m. What is the tens digit of r?
2
Let n = -11 - -478. Suppose 0 = -36*z + 35*z + n. Let i = z - 329. What is the hundreds digit of i?
1
Suppose s = -4*x + 65336, -x = 33*s - 29*s - 16319. What is the units digit of x?
5
Let o = -378 + 216. Let x = o + 279. What is the units digit of x?
7
Suppose -2*j = 3*c - 0*c - 14, j + 3*c = 13. Let v be (6 - 27)/j*1/(-1). Let r = v + 39. What is the tens digit of r?
6
Let k be 1 + (-1205)/(-45) - (-2)/9. Let r = 56 - k. Suppose a - r - 77 = 0. What is the tens digit of a?
0
Suppose -6*j + j + 15 = 0. Suppose 0 = -0*u - 4*u - x + 43, j*u - 3*x - 21 = 0. What is the units digit of -4*u/6*-12?
0
Suppose 4*n + 11*n - 232635 = 0. Suppose n + 2419 = 27*v. What is the tens digit of v?
6
Suppose 2*y - 7*y - 143285 = -5*b, -15 = 5*y. What is the units digit of b?
4
What is the ten thousands digit of (202 - 5835)/(0/2 - (-6)/(-18))?
1
What is the hundreds digit of 342/(-209)*15862/(-21)?
2
Let w(j) = 280*j**2 + j - 2. Let m be w(1). Let x = m + 238. What is the hundreds digit of x?
5
Suppose 16*b + 84 = 19*b. Let i = 332 - b. What is the tens digit of i?
0
Let y(f) be the second derivative of -26*f**3/3 - 15*f**2/2 + 5*f. Let w be y(-6). Suppose 21*t + w = 24*t. What is the units digit of t?
9
Let j be (17776/(-505))/((-4)/(-30) - 0). Let x = j - -476. What is the hundreds digit of x?
2
Suppose -2*b - j + 52053 = 0, -232*b + 4*j = -233*b + 26044. What is the units digit of b?
4
Suppose 5*l - 5*v = 21590, 9*v + 3*v = 4*l - 17240. What is the hundreds digit of l?
3
Let w(u) = 82*u**2 - 18*u + 48. Let l be w(4). Let y = -604 + l. What is the tens digit of y?
8
What is the thousands digit of 3 + 1157405/(-50)*-1 - 7/70?
3
Suppose -3*o = -2*i - 37951, 3*o - 8*i = -3*i + 37957. What is the tens digit of o?
4
Suppose -3446 - 3814 = -15*h. What is the tens digit of h?
8
Let g(n) be the first derivative of 2*n**3/3 + 7*n**2/2 - n + 1416. Let p be 1/(-3) - 40/6. What is the tens digit of g(p)?
4
Let v(i) = 1198*i + 367. What is the thousands digit of v(5)?
6
Suppose 0 = -f + 2*j + 5486, j - 1584 = f - 7065. What is the hundreds digit of f?
4
Let h = 47681 + -33310. What is the hundreds digit of h?
3
Let l = -35 - 2. Let w = l + 173. What is the units digit of w?
6
Let g(v) be the first derivative of -v**4/4 - 3*v**3 + 31*v**2/2 + 60*v - 59. What is the tens digit of g(-13)?
3
Let t(f) = -f**2 - 112*f - 5. What is the thousands digit of t(-15)?
1
What is the thousands digit of (32760/11 + 92/(-506))*3?
8
Let v = 14 - 12. Suppose 4*l = -3*d + 437, -v*d - 4*l - 135 = -3*d. Let k = d + -57. What is the tens digit of k?
8
Suppose -1 - 9 = -5*t, 0 = -3*y - 5*t + 10. Let a be y/(-2) + 0 + -105. Let p = a - -176. What is the units digit of p?
1
Let b = -439 + 271. Let n be 2/(-1) - -1 - b/7. Suppose -221 = -4*v + g, -v + n = 3*g - 16. What is the tens digit of v?
5
Let q(c) be the second derivative of c - 2/3*c**3 + c**2 + 0 - 1/20*c**5 + 1/2*c**4. What is the tens digit of q(3)?
1
Let n be (23 - -407)*9/6. Let w = n - 139. What is the tens digit of w?
0
Let x be 1051/6 + -2 - 34/204. Let k = x - 32. What is the hundreds digit of k?
1
Suppose 27515 + 22297 = 14*s. What is the units digit of s?
8
Let u = 399 + -331. Suppose 5*s = -u + 348. What is the tens digit of s?
5
Let u(t) = -t**3 + 16*t**2 + 13*t + 5. Let m be (-4)/(-6)*-18*(-5)/10. What is the units digit of u(m)?
3
Suppose 41*o = -12073 + 202928. What is the tens digit of o?
5
Let a(c) = 18*c**3 + 19*c**2 - 187*c - 9. What is the ten thousands digit of a(12)?
3
Let x(c) = c**3 + c**2 - 3. Let d(g) = g + 27. Let j be d(-29). Let f(n) = -n**3 - 3*n**2 + 5. Let h(s) = j*f(s) - 5*x(s). What is the units digit of h(-3)?
5
Let v = -331 + 334. Suppose -5*n - v*b + 1749 = -3061, 2*n - 1920 = -2*b. What is the units digit of n?
5
Let h = 16522 - 5974. What is the tens digit of h?
4
Suppose 0 = -2192*v + 2183*v + 384192. What is the thousands digit of v?
2
Let w(m) = -12*m**2 + 37*m - 59. Let t(v) = -7*v**2 + 19*v - 29. Let b(z) = -7*t(z) + 4*w(z). What is the hundreds digit of b(19)?
6
Let j = -63 - -63. Suppose -5*n = o - j*o - 15, 0 = 2*o + 10. Suppose 0*h + n = h. What is the units digit of h?
4
Let w = 12792 - 4120. What is the hundreds digit of w?
6
What is the tens digit of 5 + 10826 - (-4 - -22)?
1
Let i(w) = 79 - 238*w - 60 + 45*w. What is the tens digit of i(-4)?
9
What is the thousands digit of ((-10534)/(-46))/((-5)/(-205))?
9
Let w be (36/15)/((-2)/40). Suppose -3*x - 5*g + 256 = 0, -2*x - 4*g = -48 - 120. Let i = x - w. What is the units digit of i?
0
Suppose -31447 = -60*w + 26333. Suppose q + w = 2792. What is the units digit of q?
9
Let u(p) = -132*p - 39. Let h = 478 + -487. What is the thousands digit of u(h)?
1
Suppose 5*h = 939 + 1081. Let u = h + -162. What is the tens digit of u?
4
Let o = -33 - -36. Suppose 3*r - 12 + o = 0. Suppose 57 = r*v - 6. What is the units digit of v?
1
Let g(m) = 5*m**3 + 6 - 14 + 12*m + 12*m**2 - 4*m**3. Let b be 10 + 96/(-8) + -7. What is the hundreds digit of g(b)?
1
Let r = 7 - 3. Suppose -332 = -8*p + r*p. Let a = 153 - p. What is the tens digit of a?
7
What is the hundreds digit of (-1 + -4)/(715/(-3363789))?
5
Let n be 8/6*(-9 - -21). Let t = 10 - n. What is the units digit of (415/10)/((-3)/t)?
3
Suppose -3*c = -18 + 12. Suppose 4*d + c*l = 34, l + 4*l + 5 = -d. Let n(w) = w**2 - 11*w + 14. What is the units digit of n(d)?
4
What is the tens digit of (-23656)/(-6) - (-403)/1209?
4
Suppose 5*u = 2*y - 39431, -227*y + 232*y + 5*u - 98525 = 0. What is the ten thousands digit of y?
1
What is the hundreds digit of 12*(-16)/48 - 161*-185?
7
Suppose 10*s - 121 = -491. Let w = s + 372. What is the hundreds digit of w?
3
Suppose -5*d + 26 = -3*d. Let n(c) = 25*c + 2*c**2 - 5*c**3 - 18*c**2 + 64*c**3 - 58*c**3 + 1 + 2*c**2. What is the units digit of n(d)?
7
Let b(q) = -54*q + 1853. Let f be b(17). Let l = 5 + 0. Suppose -5*j - z + f = -2*j, z + 1553 = l*j. What is the units digit of j?
1
Suppose -3*m = -177 - 87. Suppose -w + 50 + m = -2*o, 0 = 5*w + 3*o - 690. Suppose -t - w = -4*p, -5*t = 2*p + 3 - 83. What is the tens digit of p?
3
Suppose 2*b + 2933 = a, 5*b = 62 - 82. What is the units digit of a?
5
Let h(m) = 5*m + 66. Let k be h(-11). Let o(t) = 23*t - 58. What is the hundreds digit of o(k)?
1
Suppose 4*r - 5658 + 39126 = 10*r. What is the tens digit of r?
7
Let